{"id":7883,"date":"2016-09-01T10:50:54","date_gmt":"2016-09-01T09:50:54","guid":{"rendered":"http:\/\/www.bibnet.lu\/blog\/?page_id=7883"},"modified":"2019-03-21T09:01:48","modified_gmt":"2019-03-21T08:01:48","slug":"supports-de-cours-classification-decimale-de-dewey-base-et-litterature","status":"publish","type":"page","link":"https:\/\/www.bibnet.lu\/blog\/?page_id=7883","title":{"rendered":"Supports de cours &#8211; Classification d\u00e9cimale de Dewey (g\u00e9n\u00e9ralit\u00e9s &#038; litt\u00e9rature)"},"content":{"rendered":"","protected":true},"excerpt":{"rendered":"","protected":true},"author":11,"featured_media":0,"parent":0,"menu_order":0,"comment_status":"closed","ping_status":"closed","template":"","meta":{"footnotes":""},"class_list":["post-7883","page","type-page","status-publish","post-password-required","hentry"],"_links":{"self":[{"href":"https:\/\/www.bibnet.lu\/blog\/index.php?rest_route=\/wp\/v2\/pages\/7883","targetHints":{"allow":["GET"]}}],"collection":[{"href":"https:\/\/www.bibnet.lu\/blog\/index.php?rest_route=\/wp\/v2\/pages"}],"about":[{"href":"https:\/\/www.bibnet.lu\/blog\/index.php?rest_route=\/wp\/v2\/types\/page"}],"author":[{"embeddable":true,"href":"https:\/\/www.bibnet.lu\/blog\/index.php?rest_route=\/wp\/v2\/users\/11"}],"replies":[{"embeddable":true,"href":"https:\/\/www.bibnet.lu\/blog\/index.php?rest_route=%2Fwp%2Fv2%2Fcomments&post=7883"}],"version-history":[{"count":18,"href":"https:\/\/www.bibnet.lu\/blog\/index.php?rest_route=\/wp\/v2\/pages\/7883\/revisions"}],"predecessor-version":[{"id":11867,"href":"https:\/\/www.bibnet.lu\/blog\/index.php?rest_route=\/wp\/v2\/pages\/7883\/revisions\/11867"}],"wp:attachment":[{"href":"https:\/\/www.bibnet.lu\/blog\/index.php?rest_route=%2Fwp%2Fv2%2Fmedia&parent=7883"}],"curies":[{"name":"wp","href":"https:\/\/api.w.org\/{rel}","templated":true}]}}