{"id":13189,"date":"2020-05-11T10:12:07","date_gmt":"2020-05-11T09:12:07","guid":{"rendered":"https:\/\/www.bibnet.lu\/blog\/?page_id=13189"},"modified":"2021-01-13T08:08:06","modified_gmt":"2021-01-13T07:08:06","slug":"covid-19","status":"publish","type":"page","link":"https:\/\/www.bibnet.lu\/blog\/?page_id=13189","title":{"rendered":"Covid-19"},"content":{"rendered":"\n<h5 class=\"wp-block-heading\"><strong> <\/strong><\/h5>\n\n\n\n<hr class=\"wp-block-separator\"\/>\n\n\n\n<h5 class=\"wp-block-heading\"><strong><a rel=\"noreferrer noopener\" aria-label=\"Pistes \u00e0 suivre d\u00e9confinement (opens in a new tab)\" href=\"https:\/\/www.bibnet.lu\/blog\/?page_id=13224\" target=\"_blank\">Pistes \u00e0 explorer pour le d\u00e9confinement<\/a> <\/strong><\/h5>\n\n\n\n<hr class=\"wp-block-separator\"\/>\n\n\n\n<h5 class=\"wp-block-heading\"><strong><a href=\"https:\/\/www.bibnet.lu\/blog\/?page_id=13226\u200e(opens in a new tab)\" target=\"_blank\" rel=\"noreferrer noopener\" aria-label=\"Param\u00e9trages et services offerts  (opens in a new tab)\">Param\u00e9trages et services offerts <\/a>(module Circulation d&#8217;Aleph)<\/strong><\/h5>\n\n\n\n<hr class=\"wp-block-separator\"\/>\n\n\n\n<h5 class=\"wp-block-heading\"><strong><a href=\"https:\/\/www.bibnet.lu\/blog\/?page_id=13228\" target=\"_blank\" rel=\"noreferrer noopener\" aria-label=\"Questions fr\u00e9quemment pos\u00e9es (opens in a new tab)\">Questions fr\u00e9quemment pos\u00e9es<\/a><\/strong><\/h5>\n\n\n\n<hr class=\"wp-block-separator\"\/>\n","protected":false},"excerpt":{"rendered":"<p>Pistes \u00e0 explorer pour le d\u00e9confinement Param\u00e9trages et services offerts (module Circulation d&#8217;Aleph) Questions fr\u00e9quemment pos\u00e9es<\/p>\n","protected":false},"author":11,"featured_media":0,"parent":0,"menu_order":0,"comment_status":"closed","ping_status":"closed","template":"","meta":{"footnotes":""},"class_list":["post-13189","page","type-page","status-publish","hentry"],"_links":{"self":[{"href":"https:\/\/www.bibnet.lu\/blog\/index.php?rest_route=\/wp\/v2\/pages\/13189","targetHints":{"allow":["GET"]}}],"collection":[{"href":"https:\/\/www.bibnet.lu\/blog\/index.php?rest_route=\/wp\/v2\/pages"}],"about":[{"href":"https:\/\/www.bibnet.lu\/blog\/index.php?rest_route=\/wp\/v2\/types\/page"}],"author":[{"embeddable":true,"href":"https:\/\/www.bibnet.lu\/blog\/index.php?rest_route=\/wp\/v2\/users\/11"}],"replies":[{"embeddable":true,"href":"https:\/\/www.bibnet.lu\/blog\/index.php?rest_route=%2Fwp%2Fv2%2Fcomments&post=13189"}],"version-history":[{"count":36,"href":"https:\/\/www.bibnet.lu\/blog\/index.php?rest_route=\/wp\/v2\/pages\/13189\/revisions"}],"predecessor-version":[{"id":14487,"href":"https:\/\/www.bibnet.lu\/blog\/index.php?rest_route=\/wp\/v2\/pages\/13189\/revisions\/14487"}],"wp:attachment":[{"href":"https:\/\/www.bibnet.lu\/blog\/index.php?rest_route=%2Fwp%2Fv2%2Fmedia&parent=13189"}],"curies":[{"name":"wp","href":"https:\/\/api.w.org\/{rel}","templated":true}]}}